- 4*w + 5. Give g(3).
2
Let l(i) = 2*i - 14. Give l(9).
4
Let o(c) = 4*c - 25. Give o(0).
-25
Let y(r) = -r**3 - 2*r**2 - 4*r + 1. What is y(-4)?
49
Let f(o) = 5*o + 1. What is f(3)?
16
Let d(i) = -i**2 + 14*i - 12. Calculate d(11).
21
Let l(k) = -3*k**2 + 25*k - 23. Calculate l(7).
5
Let g(k) = -k**3 - 8*k**2 + 8. Give g(-7).
-41
Let h(w) = -w**2 - 2*w - 11. Give h(0).
-11
Let y(w) = -w**2 + 10*w - 5. Determine y(10).
-5
Let s(i) = i**2 + 5*i - 17. Calculate s(-8).
7
Let q(i) = 2*i + 5. Calculate q(6).
17
Let a(s) = 15*s + 3. Give a(5).
78
Let d(k) = k**2 - 14*k + 73. Determine d(5).
28
Let u(w) = 4*w + 26. Give u(-6).
2
Let c(z) = z**3 + 3*z**2 - 4*z + 5. Give c(-4).
5
Let q(n) = n**3 + 12*n**2 - 17*n + 20. Give q(-14).
-134
Let o(w) = w + 19. Determine o(-25).
-6
Let l(q) = 2*q - 29. Give l(10).
-9
Let a(d) = d**3 + 12*d**2 - 18*d - 213. Determine a(-12).
3
Let m(w) = -2*w**3 + 10*w**2 - 7*w + 23. Give m(5).
-12
Let p(c) = -c**3 + 7*c**2 - 2*c - 3. What is p(5)?
37
Let r(l) = -l**2 + 4*l - 7. Give r(3).
-4
Let o(u) = -24*u. Give o(-1).
24
Let h(n) = 2*n**3 - 65*n**2 + 31*n + 27. What is h(32)?
-5
Let t(c) = -c**3 + 7*c**2 + 2*c + 7. What is t(7)?
21
Let d(h) = -3*h - 8. Determine d(-3).
1
Let y(i) = -i**3 - 5*i - 7. What is y(-3)?
35
Let x(h) = h**3 - 11*h**2 - 15*h + 37. Give x(12).
1
Let l(k) = -k**2 - 23*k + 16. Determine l(-26).
-62
Let s(d) = 4*d - 29. Determine s(12).
19
Let u(r) = r**2 + 8*r + 6. Calculate u(-5).
-9
Let j(s) = -s**2 - 13*s - 16. Determine j(-12).
-4
Let u(k) = -k**3 - 9*k**2 + 7*k - 30. What is u(-10)?
0
Let n(x) = -5*x**2 + 5*x - 5. Calculate n(1).
-5
Let f(y) = -2*y - 4. What is f(-8)?
12
Let t(o) = -o**2 + o - 12. Calculate t(0).
-12
Let g(s) = -s**3 + 7*s**2 + 31*s - 15. Calculate g(10).
-5
Let t(r) = -14*r + 92. Determine t(7).
-6
Let o(c) = -2*c**2 - 17*c + 3. Calculate o(-8).
11
Let p(t) = -t**3 + 3*t**2 - t. Calculate p(3).
-3
Let d(j) = -2*j - 1. Determine d(0).
-1
Let o(z) = 3*z - 11. Calculate o(-7).
-32
Let p(v) = v - 11. Give p(7).
-4
Let k(g) = -g**3 - 13*g**2 - 12*g + 5. Determine k(-12).
5
Let d(m) = m**2 - 12*m + 9. Determine d(11).
-2
Let h(d) = -d**3 + 6*d**2 - 6*d - 6. Give h(5).
-11
Let b(u) = 7*u - 63. What is b(18)?
63
Let h(x) = x**3 + 7*x**2 + 3*x + 9. What is h(-6)?
27
Let j(m) = -m**3 + 17*m**2 + 13*m - 33. Determine j(18).
-123
Let u(h) = -21*h**3 + h**2 + 2*h + 1. Give u(-1).
21
Let a(b) = 2*b**2 - 18*b - 18. Calculate a(10).
2
Let x(h) = h**3 + 2*h**2 - 3*h - 10. Calculate x(-2).
-4
Let b(l) = -l - 11. Determine b(-14).
3
Let v(i) = -11*i**3 - 43*i**2 + i - 12. What is v(-4)?
0
Let q(i) = -111*i + 1210. What is q(11)?
-11
Let y(r) = -5*r - 5. What is y(-11)?
50
Let l(o) = o**3 - 3*o**2 + 2*o + 2. Calculate l(4).
26
Let i(z) = 21*z**2 - z - 1. Determine i(-1).
21
Let u(m) = 2*m**2 + 26*m - 34. What is u(-14)?
-6
Let b(v) = -v**3 - 14*v**2 + 17*v - 18. Determine b(-15).
-48
Let t(i) = 12*i**2 - i - 2. Calculate t(-3).
109
Let c(z) = -z - 5. What is c(-6)?
1
Let w(n) = n**3 + 30*n**2 - n - 26. Calculate w(-30).
4
Let k(l) = -l**3 - 4*l**2 + 4*l + 10. What is k(-4)?
-6
Let p(i) = -3*i + 55. Calculate p(15).
10
Let n(r) = -2*r**2 + 8*r - 1. Give n(5).
-11
Let c(a) = 8*a - 83. Determine c(14).
29
Let u(y) = -9*y**2 + 6*y - 4. Calculate u(1).
-7
Let r(l) = -4*l**3 + 80*l**2 - l + 15. What is r(20)?
-5
Let z(w) = 11*w**2 + w - 2. Calculate z(-2).
40
Let o(j) = -32*j - 36. Determine o(-2).
28
Let p(g) = 19*g - 10. Determine p(5).
85
Let d(q) = 2*q**2 + 4*q - 4. What is d(4)?
44
Let l(s) = 4*s**2 + 5*s - 2. What is l(4)?
82
Let n(m) = 14*m + 11. Give n(3).
53
Let g(k) = k**3 + 17*k**2 + 14*k - 7. Calculate g(-16).
25
Let d(f) = -f**2 + 27*f + 87. What is d(30)?
-3
Let b(p) = p**3 + 49*p**2 - 102*p - 4. Determine b(-51).
-4
Let a(h) = 6*h - 14. Give a(4).
10
Let m(n) = 67*n**2 - 2. Give m(-1).
65
Let a(t) = -t**2 + 58*t + 60. What is a(59)?
1
Let u(s) = s**2 - s + 16. Give u(0).
16
Let d(s) = s**2 + 16*s + 4. Calculate d(-16).
4
Let m(d) = 2*d**2 - 9*d. Give m(6).
18
Let h(f) = 2*f**2 + 28*f - 6. Determine h(-14).
-6
Let h(g) = 2*g + 29. Determine h(0).
29
Let g(x) = -x**2 - 4*x. Calculate g(-5).
-5
Let u(m) = 4*m + 38. Determine u(-13).
-14
Let d(r) = -2*r**2 + 5*r - 8. Determine d(3).
-11
Let w(b) = b**3 + 3*b**2 + 2*b - 19. What is w(0)?
-19
Let b(d) = d**2 + d + 19. Give b(0).
19
Let o(x) = x - 28. Calculate o(14).
-14
Let v(l) = l - 9. What is v(5)?
-4
Let j(m) = m**2 - 11*m + 51. Give j(8).
27
Let c(z) = z**3 + 2*z**2 + 2. Determine c(-2).
2
Let x(o) = -6*o**2 + 11*o - 3. Give x(3).
-24
Let o(n) = 2*n**2 + 3*n - 33. Give o(-6).
21
Let k(u) = -u**3 + u**2 + u - 4. Give k(0).
-4
Let q(n) = -5*n - 110. What is q(-22)?
0
Let n(f) = -f**3 - 11*f**2 + 12*f - 6. What is n(-12)?
-6
Let l(a) = -22*a - 10. Give l(-4).
78
Let w(q) = q**2 + 3*q - 28. What is w(-7)?
0
Let o(f) = -2*f - 16. What is o(-7)?
-2
Let s(n) = n - 32. Determine s(19).
-13
Let b(a) = -a**2 - a + 2. Determine b(-4).
-10
Let x(i) = i + 7. Calculate x(-5).
2
Let j(h) = 15*h + 24. Determine j(-14).
-186
Let g(y) = y**3 - 8*y**2 + 2*y - 16. What is g(8)?
0
Let f(n) = -4*n - 62. Give f(-17).
6
Let u(h) = -h**3 - 6*h**2 - 5*h - 5. Determine u(-3).
-17
Let t(u) = 9*u - 54. What is t(12)?
54
Let m(c) = -c**3 + 5*c**2 + 11*c - 20. Give m(6).
10
Let p(q) = -6*q**2 - 14*q + 88. Give p(3).
-8
Let p(y) = -7*y + 5. Determine p(12).
-79
Let v(a) = -4*a + 10. What is v(-6)?
34
Let m(c) = -c**3 + 13*c**2 + 28*c. What is m(15)?
-30
Let l(r) = -2*r - 17. What is l(-9)?
1
Let b(n) = -8*n - 104. What is b(-12)?
-8
Let k(l) = -5*l - 10. What is k(-7)?
25
Let q(f) = 3*f + 6. What is q(3)?
15
Let t(f) = f**3 - 7*f**2 + f + 3. What is t(7)?
10
Let s(g) = -g**2 + 27*g + 15. Calculate s(28).
-13
Let d(z) = -z**2 + 3*z - 9. What is d(-4)?
-37
Let q(v) = v**2 - 7*v + 13. Give q(4).
1
Let b(v) = -v**3 - 11*v**2 + 15*v + 21. Give b(-12).
-15
Let w(m) = -6*m + 132. Calculate w(23).
-6
Let u(t) = t**3 - 17*t**2 + 12*t + 52. Determine u(16).
-12
Let s(t) = -t**3 + 15*t**2 + 16*t - 53. Calculate s(16).
-53
Let f(m) = -10*m + 98. Determine f(8).
18
Let p(o) = o**2 - 11*o + 75. Calculate p(7).
47
Let w(h) = h**3 - 8*h + 7. What is w(-3)?
4
Let d(w) = w**3 + 4*w**2 - 5*w - 2. Calculate d(-4).
18
Let m(j) = j**2 - 16*j - 4. What is m(16)?
-4
Let a(m) = -m - 2. What is a(-2)?
0
Let f(l) = 7*l - 8. Calculate f(6).
34
Let k(q) = -q**3 + 9*q**2 - 7*q - 3. What is k(4)?
49
Let p(z) = 2*z + 4. What is p(7)?
18
Let q(r) = 6*r + 5. Determine q(5).
35
Let r(q) = -q**3 - q**2 + 2. Give r(-2).
6
Let y(p) = -p**2 + 14*p - 12. Determine y(15).
-27
Let y(v) = -v**3 + 2*v**2 + v - 2. Calculate y(1).
0
Let l(h) = 2*h + 3. Calculate l(-1).
1
Let u(j) = -2*j**2 + 7*j - 3. Determine u(3).
0
Let r(z) = z**3 - 13*z**2 + 13*z - 8. Give r(12).
4
Let a(t) = -t**2 - 20*t - 15. Calculate a(-18).
21
Let j(y) = 2*y**2 - 42*y - 68. Determine j(22).
-24
Let l(h) = 5*h + 33. Calculate l(-8).
-7
Let d(q) = -24*q + 4. Determine d(2).
-44
Let g(c) = 8*c**3 + 2*c**2 + 2*c - 3. What is g(1)?
9
Let a(j) = 7*j + 95. Determine a(-11).
18
Let d(o) = -o**3 + 8*o**2 - 13*o - 2. Calculate d(6).
-8
Let k(m) = -3*m + 47. Give k(14).
5
Let o(w) = w**3 + 12*w**2 + 11*w - 4. Give o(-11).
-4
Let c(x) = -x**3 + 6*x**2 + x - 10. What is c(6)?
-4
Let b(q) = -59*q - 301. Determine b(-5).
-6
Let z(w) = -w**3 + 6*w**2 - 4*w + 9. Calculate z(6).
-15
Let q(g) = -g**2 - 4*g + 58. Calculate q(-9).
13
Let m(s) = -2*s**2 - 6*s + 7. Calculate m(4).
-49
Let s(i) = i**3 + 3*i**2 - 8*i - 6. Give s(-5).
-16
Let g(m) = 5*m - 3. Determine g(-9).
-48
Let j(u) = 15*u - 8. Give j(-2).
-38
Let p(n) = -n - 2. Give p(16).
-18
Let k(l) = -3*l**2 + 13*l + 7. Calculate k(8).
-81
Let u(x) = x**3 + 12*x**2 - 24*x + 32. Determine u(-14).
-24
Let f(o) = -o**3 - 2*o**2 + 6*o + 2. What is f(-2)?
-10
Let o(q) = -5*q + 3. Determine o(-10).
53
Let i(y) = 8*y + 139. Give i(-18).
-5
Let b(j) = -2*j**2 - 5*j + 8. Determine b(-6).
-34
Let s(a) = a + 9. Determine s(-3).
6
Let g(j) = 28*j**2 + 7*j + 6. Give g(-1).
27
Let t(s) = -2*s - 2. What is t(-6)?
10
Let p(x) = x**3 + 10*x**2 + 19*x + 92. Determine p(-9).
2
Let t(g) = 7*g + 13. Give t(4).
41
Let o(x) = -x**3 - 3*x**2 - 3. Calculate o(-4).
13
Let c(d) = d**2 - 11*d - 380. What is c(-15)?
10
Let g(j) = 